ighest common factor of 6426 and 1560906?
306
Calculate the greatest common factor of 108644 and 51182.
314
Calculate the greatest common divisor of 30027 and 27.
3
Calculate the highest common factor of 374 and 8038943.
187
Calculate the highest common divisor of 564 and 1745862.
282
Calculate the greatest common divisor of 6823141 and 26.
13
Calculate the highest common divisor of 44175 and 34831275.
1425
What is the highest common divisor of 2292 and 44946502?
382
Calculate the highest common factor of 14113671 and 167.
167
Calculate the greatest common factor of 2457 and 11456536.
91
Calculate the greatest common divisor of 11913880 and 41800.
440
Calculate the highest common factor of 47344 and 1348160.
176
What is the highest common divisor of 43047206 and 6956?
3478
What is the highest common divisor of 98713648 and 352?
176
What is the highest common factor of 2907114 and 234?
6
Calculate the greatest common divisor of 69 and 34950.
3
What is the greatest common divisor of 227567907 and 378?
189
Calculate the highest common divisor of 21 and 1490993.
7
What is the greatest common divisor of 189203 and 246841?
1253
What is the highest common divisor of 22812138 and 18610?
3722
Calculate the greatest common factor of 27705601 and 60973.
2651
Calculate the greatest common factor of 63 and 448215.
3
What is the greatest common factor of 3865478 and 2?
2
Calculate the highest common divisor of 60690 and 39900.
210
Calculate the highest common divisor of 326304 and 169229.
103
What is the highest common divisor of 3547626 and 1878?
6
Calculate the highest common divisor of 94836 and 252.
84
What is the highest common divisor of 26715 and 66846?
39
What is the greatest common divisor of 168 and 40716368?
56
Calculate the highest common factor of 182945280 and 80.
80
Calculate the greatest common divisor of 898884 and 6150.
246
What is the highest common factor of 2279145 and 480700?
1045
What is the greatest common factor of 23680 and 518555?
185
Calculate the greatest common factor of 341 and 151085.
11
Calculate the greatest common divisor of 8603536 and 592.
592
What is the highest common divisor of 4359555 and 516?
129
Calculate the greatest common divisor of 31753040 and 5280.
880
What is the highest common factor of 5090747 and 1421?
29
What is the highest common divisor of 1208 and 68590844?
604
What is the highest common divisor of 18336 and 3888?
48
Calculate the greatest common factor of 2214 and 56383182.
54
Calculate the highest common divisor of 84205009 and 203.
203
What is the greatest common divisor of 103790 and 2005?
5
Calculate the highest common factor of 557631 and 3078.
513
What is the highest common factor of 27542321 and 177?
59
What is the greatest common divisor of 287001 and 536679?
1287
What is the greatest common divisor of 207235 and 47523?
217
Calculate the highest common divisor of 103693 and 1001653.
1069
Calculate the greatest common divisor of 67520172 and 3573.
1191
Calculate the greatest common factor of 29527176 and 420.
84
What is the greatest common divisor of 182570147 and 298?
149
Calculate the highest common divisor of 101787 and 385059.
111
What is the highest common divisor of 24888828 and 240?
12
What is the greatest common divisor of 400 and 150497800?
200
Calculate the highest common divisor of 43 and 787097886.
43
Calculate the greatest common divisor of 130 and 36776506.
26
Calculate the highest common factor of 2019396 and 7446.
102
Calculate the highest common factor of 1311809 and 69983.
1489
What is the greatest common factor of 7186368 and 21504?
1344
Calculate the greatest common factor of 1044 and 4303107.
261
What is the highest common factor of 1694091 and 4767?
21
What is the greatest common factor of 2546 and 19073359?
1273
Calculate the highest common divisor of 867 and 789062769.
867
What is the greatest common divisor of 591603237 and 243?
27
What is the greatest common divisor of 18 and 3984515406?
18
What is the highest common factor of 16429 and 4433483?
2347
Calculate the greatest common divisor of 188 and 80901899.
47
What is the highest common divisor of 6877561 and 7515?
167
Calculate the greatest common divisor of 1414 and 432886.
202
Calculate the greatest common divisor of 25982 and 5499917.
1181
What is the highest common factor of 14518 and 13073?
17
What is the greatest common divisor of 26299882 and 28?
14
Calculate the highest common divisor of 676116909 and 351.
351
What is the greatest common divisor of 3404 and 7458532?
92
What is the highest common factor of 5427711 and 2831?
19
What is the greatest common divisor of 1194964993 and 334?
167
What is the highest common divisor of 47710 and 9190?
10
What is the greatest common divisor of 80674 and 152?
38
What is the greatest common factor of 10 and 409730?
10
What is the greatest common divisor of 900576 and 1441494?
954
Calculate the greatest common divisor of 28640 and 106643904.
5728
What is the greatest common divisor of 2178450 and 30240?
90
What is the greatest common divisor of 85253 and 26670728?
4487
Calculate the highest common factor of 1287440 and 10890.
1210
What is the highest common factor of 60595056 and 54?
18
Calculate the highest common divisor of 14 and 119305466.
14
Calculate the highest common factor of 259 and 125625619.
259
What is the greatest common factor of 894012 and 268644?
4404
What is the highest common factor of 2513574 and 1323?
63
Calculate the highest common divisor of 392 and 5303466.
98
What is the highest common factor of 44675 and 46775?
25
What is the highest common factor of 17060664 and 96?
24
Calculate the greatest common factor of 88 and 5084224.
8
What is the greatest common factor of 1165703 and 1771?
77
Calculate the greatest common divisor of 14421 and 2648151.
759
Calculate the greatest common divisor of 46561570 and 440.
110
What is the greatest common divisor of 313846475 and 50?
25
Calculate the greatest common divisor of 176228 and 5252.
52
Calculate the highest common factor of 7360 and 2079660.
460
What is the highest common factor of 726590 and 30?
10
What is the greatest common divisor of 112 and 46370044?
28
Calculate the highest common divisor of 185516 and 21052.
76
Calculate the greatest common divisor of 82000 and 38375.
125
Calculate the greatest common divisor of 13483451 and 23.
23
What is the highest common factor of 491556 and 360?
12
What is the highest common divisor of 109300527 and 294?
147
What is the highest common divisor of 143647 and 21?
7
Calculate the highest common factor of 34300 and 286405.
1715
What is the greatest common factor of 40 and 11875560?
40
Calculate the greatest common divisor of 40008969 and 72072.
9009
Calculate the greatest common divisor of 180224 and 883520.
704
Calculate the greatest common divisor of 26220 and 475380.
1140
What is the greatest common factor of 67346 and 121102?
302
What is the highest common divisor of 3396767 and 981?
109
What is the highest common factor of 342028176 and 240?
48
What is the greatest common factor of 3294517 and 3885?
37
What is the highest common divisor of 4700 and 24920575?
1175
What is the highest common factor of 102368598 and 30102?
1038
What is the highest common divisor of 2727 and 33561?
27
Calculate the highest common divisor of 490 and 1170296890.
490
Calculate the greatest common factor of 126560 and 516184.
904
What is the highest common factor of 127715 and 18501455?
1435
What is the highest common factor of 52355141 and 244?
61
What is the greatest common divisor of 79130 and 230010?
410
Calculate the greatest common factor of 713779 and 2596.
11
Calculate the greatest common divisor of 508 and 12620.
4
Calculate the highest common factor of 229966990 and 110.
110
Calculate the greatest common divisor of 365146 and 128699.
2993
What is the highest common divisor of 119414560 and 128?
32
What is the greatest common divisor of 135917 and 596259?
683
Calculate the greatest common factor of 430 and 35126270.
430
What is the greatest common factor of 8357732 and 1098?
122
What is the highest common factor of 1889469 and 46935?
1341
Calculate the highest common factor of 57779271 and 297.
297
What is the greatest common factor of 146315 and 1120?
5
What is the grea